or of 652183 and 7?
7
What is the highest common divisor of 146 and 3884768?
146
Calculate the highest common divisor of 17265 and 210.
15
Calculate the highest common divisor of 2337 and 9761649.
2337
Calculate the highest common factor of 1612 and 914407.
403
Calculate the highest common divisor of 176 and 759680.
16
Calculate the greatest common divisor of 5820 and 9215.
485
Calculate the greatest common factor of 992 and 44516.
124
Calculate the highest common divisor of 14413 and 54173.
497
What is the greatest common factor of 99 and 5791929?
33
Calculate the highest common factor of 1652 and 17228.
236
Calculate the highest common factor of 348 and 602649.
87
What is the highest common divisor of 168 and 311712?
24
What is the highest common divisor of 3393 and 7722?
117
Calculate the highest common divisor of 3 and 3327.
3
What is the highest common factor of 7881665 and 165?
55
What is the highest common divisor of 6929 and 175760?
169
Calculate the greatest common factor of 57948 and 132.
132
What is the greatest common divisor of 3075463 and 521?
521
Calculate the highest common factor of 2214248 and 8.
8
Calculate the greatest common divisor of 264 and 140536.
88
What is the greatest common factor of 289959 and 228?
57
What is the greatest common divisor of 51368 and 136?
8
What is the greatest common factor of 771831 and 17511?
1347
Calculate the highest common divisor of 28 and 12803.
7
What is the highest common divisor of 3811 and 619648?
103
Calculate the highest common factor of 1082 and 146.
2
What is the highest common factor of 915 and 394365?
915
Calculate the highest common factor of 749740 and 2280.
380
Calculate the highest common factor of 5868 and 88509.
489
What is the highest common factor of 1088 and 175304?
136
Calculate the greatest common divisor of 24 and 21864.
24
Calculate the highest common factor of 9196 and 49628.
76
Calculate the highest common divisor of 111 and 244903.
37
Calculate the greatest common factor of 147871 and 58.
29
Calculate the greatest common factor of 1049862 and 330.
66
What is the greatest common factor of 1524 and 192?
12
What is the highest common factor of 20 and 368020?
20
Calculate the highest common factor of 91816 and 16.
8
Calculate the highest common factor of 288371 and 17.
17
What is the greatest common divisor of 4835 and 55?
5
What is the greatest common factor of 61440 and 870?
30
Calculate the greatest common divisor of 196 and 3188.
4
What is the greatest common factor of 10045 and 15?
5
What is the highest common factor of 260 and 5395?
65
Calculate the highest common factor of 3 and 3161.
1
What is the highest common divisor of 29 and 318101?
29
Calculate the greatest common factor of 2364 and 3102.
6
Calculate the greatest common divisor of 28518 and 60.
6
Calculate the highest common divisor of 3456 and 472.
8
What is the greatest common factor of 262998 and 456?
114
What is the greatest common divisor of 2117897 and 562?
281
What is the greatest common divisor of 6251 and 2261?
133
Calculate the highest common factor of 286 and 219934.
286
Calculate the highest common factor of 7472 and 467.
467
What is the highest common factor of 3201 and 143?
11
What is the highest common factor of 1625 and 81625?
125
Calculate the greatest common factor of 375 and 1965.
15
Calculate the highest common divisor of 516 and 33798.
258
What is the highest common factor of 2279 and 215?
43
What is the greatest common factor of 4112 and 16191?
257
Calculate the highest common divisor of 481222 and 5574.
1858
Calculate the highest common divisor of 63 and 18621.
9
What is the greatest common factor of 88448 and 69791?
691
What is the greatest common factor of 299 and 6799?
13
Calculate the highest common factor of 752 and 2303.
47
What is the greatest common divisor of 290108 and 9828?
364
What is the greatest common divisor of 117 and 107068?
13
Calculate the highest common divisor of 216 and 906.
6
Calculate the highest common factor of 77 and 1562.
11
Calculate the greatest common divisor of 48941 and 23871.
109
What is the highest common divisor of 301806 and 3402?
486
Calculate the highest common factor of 146402 and 9279.
1031
Calculate the greatest common divisor of 5 and 4123735.
5
Calculate the highest common factor of 329 and 1099.
7
Calculate the greatest common factor of 17832 and 48.
24
What is the greatest common factor of 67 and 370912?
67
What is the greatest common factor of 990015 and 195?
195
Calculate the highest common divisor of 330 and 282040.
110
Calculate the highest common divisor of 552 and 72450.
138
Calculate the greatest common factor of 364 and 58422.
182
Calculate the highest common divisor of 1376 and 1406960.
688
Calculate the highest common divisor of 313475 and 25.
25
What is the greatest common divisor of 38005 and 5528?
691
What is the greatest common factor of 10863 and 5763?
51
Calculate the greatest common divisor of 8128 and 144.
16
Calculate the highest common factor of 4 and 262.
2
What is the highest common divisor of 1523006 and 655?
131
Calculate the greatest common factor of 134 and 104989.
67
Calculate the greatest common factor of 88 and 76978.
22
What is the highest common divisor of 3268 and 8342?
86
What is the highest common divisor of 736080 and 70?
10
Calculate the highest common factor of 177248 and 191.
191
Calculate the greatest common factor of 152 and 1736.
8
What is the greatest common factor of 852 and 34719?
213
Calculate the greatest common divisor of 4118 and 1160.
58
Calculate the greatest common divisor of 108 and 28926.
18
What is the highest common factor of 180917 and 11?
11
Calculate the highest common divisor of 2 and 1311346.
2
Calculate the greatest common divisor of 402 and 225.
3
What is the highest common divisor of 92471 and 66496?
1039
What is the highest common divisor of 70560 and 5440?
160
Calculate the greatest common factor of 36442 and 10960.
274
What is the greatest common factor of 478 and 2486?
2
Calculate the greatest common divisor of 10881 and 27001.
403
What is the highest common divisor of 66126 and 103?
103
What is the greatest common factor of 27 and 2530881?
9
What is the highest common factor of 88 and 284669?
11
What is the highest common factor of 5232 and 2988?
12
What is the greatest common divisor of 12159 and 8295?
21
What is the highest common divisor of 2655 and 51?
3
What is the highest common factor of 143918 and 1902?
634
What is the highest common factor of 186923 and 22?
11
What is the highest common factor of 232918 and 2?
2
What is the greatest common divisor of 152 and 67368?
8
What is the highest common factor of 290 and 843726?
58
What is the highest common divisor of 2723 and 1057?
7
What is the greatest common factor of 5184 and 4736?
64
What is the greatest common factor of 34453 and 1052?
263
What is the highest common factor of 1482 and 1664?
26
Calculate the highest common divisor of 108 and 516660.
12
Calculate the greatest common factor of 88074 and 84.
42
Calculate the highest common divisor of 436085 and 65.
65
What is the highest common factor of 514374 and 42?
42
What is the highest common factor of 10 and 240710?
10
What is the greatest common factor of 58366 and 1?
1
What is the greatest common divisor of 16824808 and 616?
616
What is the greatest common divisor of 423 and 60207?
141
Calculate the greatest common divisor of 400584 and 96.
24
Calculate the greatest common divisor of 188 and 93295.
47
What is the highest common divisor of 90 and 15440?
10
Calculate the greatest common factor of 10209 and 72201.
123
Calculate the greatest common divisor of 62818 and 3920.
98
Calculate the greatest common factor of 180 and 129834.
18
What is the highest common divisor of 35076 and 296?
148
What is the highest common factor of 516287 and 551?
551
What is the greatest common factor of 2269568 and 1043?
1043
What is the greatest common factor of 348476 and 4?
4
What is the highest common factor of 198 and 80850?
66
What is the highest common divisor of 358 and 212473?
179
What is the greatest common factor of 1888 and 1794544?
944
What is the highest common divisor of 407 and 26122?
37
What is the greatest common divisor of 2198 and 43652?
14
What is the hig